 w?
30
Suppose -23*c + 2375 = -500. Let d(t) = 4*t**2 + 4*t + 2. Let v be d(-4). Calculate the highest common factor of c and v.
25
Suppose -3*g + 31 = 4*x + x, -2*x - 2*g + 14 = 0. Suppose 7 = x*d - 3. What is the greatest common factor of d and 1?
1
Let j = 116 - 110. Let f be 3916/66 + (-8)/j + 1. Calculate the greatest common factor of 413 and f.
59
Let o = 60 + -42. Let a = 22 + -73. Let u = a - -105. Calculate the greatest common factor of u and o.
18
Let s = 11 + -12. Let i be (0 - (-2 - s))*19. Suppose i = -3*m + 52. Calculate the greatest common factor of 1 and m.
1
Let g be (0 - 29) + 3/1. Let u be (g/(-8))/(2/152). Let b = -40 + u. Calculate the greatest common factor of b and 23.
23
Suppose -5*t + 212 = 2*u, 67*u - 71*u - 4*t + 424 = 0. Calculate the highest common divisor of u and 901.
53
Let s be (-91)/(-26) + (-1)/(-2). Let k be 855/12 - (-1)/(-4). Suppose -s*x + 93 = -5*p, -3*x - 5*p = -6*x + k. Calculate the highest common divisor of 2 and x.
2
Let x = 105 - 93. Calculate the greatest common divisor of x and 72.
12
Let i(y) = y**3 - 5*y**2 - y + 6. Let x be i(5). Let g be 6/(-9) - (-3 + (-56)/12). What is the highest common divisor of g and x?
1
Suppose -23*t + 24*t - 12 = 0. Let p(z) = z + 16. Let j be p(-9). Let w = j + -3. What is the greatest common divisor of t and w?
4
Suppose 0 = b + 4*q + 48 + 86, -q = 4*b + 476. Let j = 338 + b. What is the greatest common divisor of 20 and j?
20
Suppose -3*q = 5*m - 19, -3*q + m = -8*q + 39. Let i be 11*(-1 + 30/6). Calculate the highest common factor of q and i.
4
Let j = 63 + -54. What is the highest common factor of 72 and j?
9
Suppose 0 = -5*b - 3*g + 224, -2*g - 59 = -b - 22. Suppose 3*c - b = -25. What is the highest common divisor of 42 and c?
6
Let g = -18 + 14. Let z be 24/(4/g*-1). Suppose -f = -v - 101, -5*v + 6*v = 3*f - 293. Calculate the greatest common divisor of z and f.
24
Let f(p) = -p**2 - 9*p - 2. Let q be f(-6). Let j = -87 + 88. Let d be ((-6)/18*j)/(2/(-24)). Calculate the greatest common divisor of q and d.
4
Let a = 0 + 0. Let c = 141 - 146. Let u be a - (c - -3 - 16). Calculate the greatest common factor of u and 6.
6
Let f(g) = -70*g - 5. Let w be f(-2). Let p be (0*(-1)/(-2))/1. Suppose p = 3*x - 0*x - 45. What is the highest common factor of w and x?
15
Suppose 0 = -h + 14*h - 2730. What is the greatest common divisor of 5 and h?
5
Let l = 16 + -14. Let z be l + 2 + (-2)/1. Suppose -79 - 47 = -z*d. Calculate the greatest common factor of 9 and d.
9
Let f(z) = 3*z - 7. Let o be f(9). Let d be 10/(-30) + (-1426)/6. Let m = d - -418. Calculate the highest common factor of o and m.
20
Suppose -2 - 6 = -4*s. Suppose -1 = t + 3. Let b be (-1)/(t - 15/(-4)). Calculate the highest common factor of b and s.
2
Suppose -56 = 13*d - 21*d. Suppose -216 = -d*l - l. What is the highest common divisor of 216 and l?
27
Let k be 10 - -1*5/(-5). Suppose 4*j - 5*i - 7 = -4, -k = -5*j + i. Suppose j*l + 82 = 4*m - 26, m - 27 = l. What is the greatest common factor of 9 and m?
9
Let w(o) = -o + 6. Let g be w(6). Suppose g = 2*l - 3 - 13. Let i(n) = -3*n - 6. Let y be i(-6). What is the greatest common factor of y and l?
4
Let z(g) = -95*g**3 + 2*g**2 + g. Suppose -4*l + 2 = -6*l. Let q be z(l). What is the greatest common divisor of q and 12?
12
Let g = -647 - -1097. Calculate the greatest common factor of 50 and g.
50
Let y(j) = j**2 + 8*j - 5. Let d be y(-8). Let n be 0/1 - (d - -1). Suppose -n*a + 66 = -234. What is the greatest common divisor of 50 and a?
25
Suppose 5*w = 25, 3 = d - 2*w + 15. Let p be (30/(-20))/(d/20). Calculate the highest common divisor of 6 and p.
3
Let v(j) = j + 10. Let m be v(-8). Suppose 4 = -m*t - 48. Let o be -1*2 - (t + -3). What is the highest common divisor of 3 and o?
3
Suppose 12 = -4*x + 6*x + 5*o, 2*x + 4 = 3*o. Let m be (-15)/10*(x - -1). Let z be (-1)/(m/51)*1. Calculate the greatest common divisor of 85 and z.
17
Let s(y) = -y**2 - 24*y - 68. Let q be s(-14). Calculate the highest common factor of q and 24.
24
Suppose 0 = 2*m - 0*m + 6. Let l = m - -16. Let s(j) = 4*j**2 + 2*j - 13. Let t be s(6). Calculate the greatest common divisor of l and t.
13
Let g(n) = -26*n. Let a be g(-4). What is the highest common divisor of a and 32?
8
Let u = -2 + 7. Suppose 0 = -3*g - 2*o - 3*o + 26, 0 = u*g - 3*o + 2. Suppose -g*b + 3*b = 1. What is the greatest common divisor of b and 11?
1
Suppose 0 = 11*g - 20*g + 144. Calculate the greatest common factor of 848 and g.
16
Let i(l) = 35*l - 3065. Let b be i(89). Let a = 18 - 13. Calculate the highest common divisor of b and a.
5
Suppose 33*u - 20 = 43*u. Let c(t) = -17*t + 6. Let h be c(u). What is the greatest common factor of 10 and h?
10
Let a(m) be the first derivative of -54*m**2 + 4 + 78*m**2 - 8*m - 1. Let f be a(5). Calculate the highest common divisor of f and 29.
29
Let p(d) = 10*d**2 - 16*d + 49. Let w be p(4). What is the highest common factor of w and 5?
5
Let i(w) = 5*w - 20. Let d be i(10). Let n be (0 - -147) + 9 + -6. Calculate the greatest common factor of n and d.
30
Let t(h) = -h + 6. Let g be t(7). Let i(q) = 27*q**2. Let l be i(g). Calculate the greatest common divisor of l and 3.
3
Let d be -2 + 182/42 + 1/(-3). Calculate the greatest common factor of d and 478.
2
Suppose 0 = -3*k - 6. Let s be k/(-8) - 14/(-8). Suppose s*o = 3*o - 9. What is the greatest common divisor of 99 and o?
9
Let u(d) = 5*d - 4. Let k be (10/4)/(5/4). Let c be u(k). Let a be (-18)/(3/(c/(-4))). Calculate the greatest common divisor of a and 36.
9
Let v = -648 + 894. What is the greatest common divisor of v and 164?
82
Let t be (-14)/49 + 128/7. Let q = 28 + -37. Let n be q/(-24)*-6*-4. Calculate the greatest common divisor of n and t.
9
Let w(j) = 4*j + 4. Let g be w(5). Suppose 3 = 6*k - 3*k. Suppose 2*m + k - 17 = 0. Calculate the highest common divisor of g and m.
8
Let j be 4*1 - (-6 + 6). Suppose j = 2*y + 2. What is the highest common factor of 8 and y?
1
Suppose -5*g = 3*v - 29 + 1, 4*g - 19 = v. Suppose 12*y - 6*y - 6 = 0. Calculate the highest common factor of v and y.
1
Let w be (-60)/(-10) + (-1 - 4). Suppose -3*x + x + 10 = 0. Calculate the highest common factor of x and w.
1
Suppose -5*b - 2*y + 26 = 406, 25 = 5*y. Let i = b + 168. Let z be ((-4)/(-8))/(3/i). What is the highest common divisor of 120 and z?
15
Let x be (-32 + (-3 - -8))/(-1). What is the greatest common divisor of 9 and x?
9
Let w(z) = -z**3 + 36*z**2 - 124*z - 28. Let a be w(32). What is the highest common divisor of 650 and a?
50
Let w = 9 + 32. Let s = 3 + w. Calculate the greatest common factor of s and 4.
4
Let u(l) = l**3 + 2*l**2 - 2*l - 2. Let s be u(-2). Let q = -1 + s. Let g = -68 + 70. What is the highest common factor of g and q?
1
Let v = 1218 + -1184. Calculate the highest common factor of v and 221.
17
Let o(d) = 8*d - 2. Let f be o(8). Suppose f*p - 64 = 60*p. What is the greatest common divisor of p and 4?
4
Let o(i) = i - 9. Let b be o(4). Let r be b + 7 + (20 - 0). Let a be 436/r + (-8)/(-44). Calculate the greatest common factor of a and 180.
20
Let p(m) = 9*m - 43. Let n be p(7). Calculate the greatest common divisor of 20 and n.
20
Let t be -3*3/(18/(-8)). Let h(f) = 11 + 0*f - 4*f + 8 + 11*f. Let u be h(-1). Calculate the highest common divisor of t and u.
4
Let q be (-12 - 1) + 4 + 59. What is the highest common divisor of q and 50?
50
Suppose -2*o + 30 = 3*m, 4*o + 0*o = m + 88. Let h be (-17 - -18) + (-4 - -45). Calculate the greatest common divisor of h and o.
21
Let f be 38 - 12*(-12)/(-18). What is the greatest common divisor of f and 6?
6
Suppose -36*l + 6 = -34*l. Suppose 2*o = 4*o - l*v - 18, -4*o + 42 = -3*v. Calculate the highest common factor of 4 and o.
4
Let m(o) = -o**3 + 6*o**2 + 17*o - 91. Let i be m(6). Calculate the highest common divisor of i and 1.
1
Suppose 4*m + 2*s - 262 = 0, -3*m - s - 345 = -8*m. Calculate the greatest common divisor of m and 17.
17
Suppose 2*u = -41 - 49. Let n be (-4)/(-18) - 710/u. Suppose s + 6 - n = 0. Calculate the highest common divisor of 5 and s.
5
Suppose -7*d = -44 - 26. Calculate the greatest common divisor of 590 and d.
10
Let r(q) = -q**2 - q + 12. Let w be r(0). Let i = w + -7. Let o = -70 - -80. What is the greatest common divisor of o an